en (-1)/((-5)/(-90)*z) is divided by 6?
3
Let k be 938/6 - (-20)/30. Let d = k - 150. What is the remainder when d is divided by 2?
1
Suppose -l - 201 = -3*r, -4*l - 4*r = -200 + 1004. Let n = l + 262. Calculate the remainder when n is divided by 22.
17
Let t(v) = -v**3 - 5*v**2 + 6*v + 2. Let f be t(-6). Suppose -12 = -r + f*r. What is the remainder when 59 is divided by 40*(3/r - (-9)/12)?
19
Suppose -4*d + 2588 = 5*h, 832*h = -5*d + 835*h + 3198. Calculate the remainder when d is divided by 46.
44
Let x(s) be the first derivative of -2*s**2 + 92*s + 87. Calculate the remainder when x(-9) is divided by 22.
18
Let x(d) = d**3 - 29*d**2 + 31*d + 39. Let l = -93 + 121. Calculate the remainder when x(l) is divided by 18.
15
Suppose 5*i = 3*c - 36, -15 = -96*c + 101*c. Let g(d) = -d**2 + 1 - 3 - 12*d - 5. What is the remainder when 37 is divided by g(i)?
17
Suppose -q + 3*q - 62 = -3*y, -2*y = -q + 38. Let u(n) = -n**2 + 409*n - 1610. What is the remainder when q is divided by u(4)?
4
Let j = 2852 - 1837. Suppose 563 = 6*f - j. Calculate the remainder when f is divided by 67.
62
Let u(w) = -w**2 - 11*w + 1. Suppose 0 = -o - 7 + 9. Suppose 3*q = o*q + 2*n + 51, 5*q - 4*n = 255. Calculate the remainder when q is divided by u(-10).
7
Let s = -6019 - -6032. Calculate the remainder when 380 is divided by s.
3
Suppose 1233 = 35*u - 1139 + 342. Calculate the remainder when 1507 is divided by u.
57
Let a = 8890 - 8832. What is the remainder when 135 is divided by a?
19
Suppose 20 = -0*l + 5*l. Let h(v) = -v**3 + 2*v**2 + 3*v + 1. Let p be h(l). Let b = -1 - p. What is the remainder when 51 is divided by b?
15
Suppose -13 - 389 = -2*a. Let l = -464 + 493. What is the remainder when a is divided by l?
27
Suppose 23 = -2*v - k - 0*k, -3*k + 15 = -v. Suppose 0 = 6*t - 7*t + 22. Let l = t + v. Calculate the remainder when 38 is divided by l.
8
Suppose -3*q - 1948 = -7*q. Suppose -130 + q = 21*b. What is the remainder when (-570)/(-9) + (-2)/6 is divided by b?
12
Let f(l) = 456*l - 11792. What is the remainder when 1146 is divided by f(26)?
58
Suppose -10 = -t + 12. Let b = 57 - 48. Suppose -b*l = -13*l + 256. Calculate the remainder when l is divided by t.
20
Let r(w) = -w**3 - 10*w**2 - 12*w + 42. Suppose -4*i - 37 + 5 = 0. Calculate the remainder when 37 is divided by r(i).
7
Suppose 0 = -2*q - q - 3*o + 21, 3*q - 20 = -4*o. Let i be (70/20 - 4)/(2/(-28)). Let a = i + q. Calculate the remainder when 24 is divided by a.
9
Suppose 7*h - 46 - 29 = 205. Calculate the remainder when 701 is divided by h.
21
Let t be -34 + 8 + (-20)/5. What is the remainder when 169 is divided by (2 - 168/(-15))/((-9)/t)?
37
Suppose -9*m + 4*m - 20 = 0. Calculate the remainder when 127 is divided by 9 - (4 - (43 + m)).
39
Let p = -637 - -1901. What is the remainder when p is divided by 5?
4
Suppose -13608 - 19692 = -300*a. What is the remainder when 9211 is divided by a?
109
What is the remainder when 883 is divided by (494675/94)/(-25)*(-4)/2?
41
Let a = -33392 - -33398. Suppose d = -4 + 20. What is the remainder when d is divided by a?
4
Let p(c) = 7*c + 180. Let z(m) = 14*m + 360. Let l(o) = 5*p(o) - 3*z(o). Let g(a) = a**2 - 1. What is the remainder when g(-4) is divided by l(-26)?
1
Suppose 61 + 478 = -7*v. Let y = -50 - v. Suppose -3*q = 9, 4*a + q = 3*a + y. Calculate the remainder when 56 is divided by a.
26
Suppose v + 2*i = -3, -2*v + i - 10 = 6. Let f = -11 - v. What is the remainder when 3/(-1)*(-11 - f/(-2)) is divided by 14?
11
Suppose 4*g - 79 - 45 = -3*i, -i + 155 = 5*g. Let p(v) = 3*v**3 - v**2 - 4*v + 1. Let f = 180 - 177. Calculate the remainder when p(f) is divided by g.
30
Let k be -8 + 48/40*40. Suppose 0 = z - 5*h - k, 25 = 3*z + 13*h - 9*h. What is the remainder when 60 is divided by z?
0
Let j be (-4)/12*-2*(13 - 4). Suppose -4*t - 22 = -j*t. Suppose t*a - 48 = -a. What is the remainder when 22 is divided by a?
2
Suppose 0*v + 3*v + 549 = 2*s, -s + 3*v + 282 = 0. Calculate the remainder when (0 - s)*(12 - (-407)/(-33)) is divided by 25.
14
Suppose 4*z + 4*o = 88, -4*z + 25 = -4*o - 103. Suppose -31*l = -z*l - 884. What is the remainder when l is divided by 16?
13
Suppose -45*c + 459 + 126 = 0. Suppose 27*a + c*a = 7880. What is the remainder when a is divided by -1 + (35 - 1) + 0?
32
Let c = -177 + 234. Let s(m) = 6*m. Let j be s(-6). Let z = j + c. What is the remainder when 41 is divided by z?
20
Suppose 0 = -0*v - v + 34. Let o = 433 + -449. Calculate the remainder when v is divided by (10 - 8 - (-22)/o)*8.
4
Let o = -2021 + 2066. What is the remainder when 1124 is divided by o?
44
Suppose 4*j - 2 = -3*t, 4 - 3 = -2*t - 5*j. Suppose 0 = t*s + 2*s - 16. Suppose 12 = s*z, 2*k - 372 = -k - z. Calculate the remainder when k is divided by 25.
23
Suppose 0 = -3*u + u + 14. Let r = 163 + -50. Let m = r - 95. Calculate the remainder when m is divided by u.
4
Let v(c) = -3*c**2 + 76*c - 147. What is the remainder when 725 is divided by v(23)?
11
Let t = -68 + 72. What is the remainder when 144 is divided by (17 - 1*(t + -6)) + 2?
18
Suppose 0 = -2*c - m + 4828, 8*c - 3*c - 5*m - 12025 = 0. Calculate the remainder when c is divided by 477.
26
Let s = -469656 - -470255. Let d(v) = -v**3 - 6*v**2 - 7*v - 2. What is the remainder when s is divided by d(-5)?
7
Suppose 0 = 2*w + 4*t - 162, t = 5*w + 2*t - 432. Let j = -10636 - -10681. What is the remainder when w is divided by j?
42
Let k(t) = 481*t**2 - 15*t + 485*t**2 - 982*t**2 + 6 + t**3. What is the remainder when 156 is divided by k(17)?
36
Suppose 2*q = -36*q + 2774. Let t be -3 + 4 + (-1263)/3. What is the remainder when q is divided by t/98*28/(-6)?
13
Let m = -90 - -54. Let j = 96 + m. Suppose 129 + j = 3*n. Calculate the remainder when n is divided by 18.
9
Suppose -z + 723 = 5*m, -5*z + 249 = 4*m - 342. Let l = 154 - m. Calculate the remainder when 69 is divided by l.
9
Let b = -94 - -98. Suppose b*n + 220 = 2*r, 2*n - 85 = -3*r + 213. What is the remainder when r is divided by 30?
12
Let f = 7935 - 7922. What is the remainder when f is divided by 10?
3
Let t = -16 - -8. Let p(y) = -y**3 - 7*y**2 - 3. Suppose 2*h - 22 = -d, -h + 3*d = 7*d + 3. What is the remainder when p(t) is divided by h?
9
Let r(w) = -w**2 - 53*w - 132. What is the remainder when r(-44) is divided by 127?
10
Let y = 2430 + -2120. Calculate the remainder when 946 is divided by y.
16
Let x(k) = -k**2 + 62*k + 1570. Calculate the remainder when 98 is divided by x(81).
5
Let n = -13 + 13. Suppose w + b = 75, -w + 70 = 2*b - n*b. Suppose -4*s + 76 = 4*g, 6*s - w = s - 2*g. Calculate the remainder when s is divided by 5.
4
What is the remainder when 199 is divided by 1 + 879/12 - (-3)/8*2?
49
Let o = 23617 + -23100. What is the remainder when o is divided by 18?
13
Suppose -5*z + 1586 = 4*h - 8*z, 4*z = 2*h - 788. Calculate the remainder when h is divided by 58.
50
Suppose 472 = c + 4*h, -2*h - 1141 = -3*c + 205. Calculate the remainder when c is divided by 27.
20
Suppose 4*u - 43 = -35. Let z(g) = g**2 - 3. What is the remainder when z(3) is divided by u?
0
Let c(y) = -2*y**3 + 149*y**2 - 2*y + 497. Calculate the remainder when c(74) is divided by 87.
83
Suppose 0 = 2*o - 2*c - 354, -5*o - 3*c + 264 + 573 = 0. What is the remainder when 873 is divided by o?
18
Suppose -5*n = q - 3*n + 1, -4 = 2*n. Suppose -13*g = -12*g - q*m - 119, g - 123 = -m. Let c(k) = -16*k - 1. Calculate the remainder when g is divided by c(-2).
29
Let u = -1505 + 3238. What is the remainder when u is divided by 250?
233
Calculate the remainder when 778 + 54/(14 - 23) is divided by 25.
22
Calculate the remainder when 357/(-306) - 18345/(-18) is divided by 14.
10
Let r be 3/(-2)*(15 + -17). Suppose 93 = f + 4*a, -r*f + 2*f = 5*a - 95. What is the remainder when f is divided by 13?
7
What is the remainder when (19804/(-6))/(62/(-93)) is divided by 177?
172
Suppose 4*v - 5*z = 909, -4*z - 584 - 97 = -3*v. Suppose -v*s - 22 = -233*s. Calculate the remainder when 53 is divided by s.
9
Let t(j) = 219*j - 1077. What is the remainder when t(6) is divided by 116?
5
Let w be (-10)/(-25) - 1666/(-10). Suppose 2*v = i - w, -5*v + v + 4*i = 332. What is the remainder when 13 is divided by 2/(8/v*-3)?
6
Let k = -16 + 18. Let j be k/1 + 6 + -6. Suppose g + 6 = j*v + 2, -9 = -v 